mainder when 732457 is divided by 691?
688
Calculate the remainder when 308625 is divided by 19.
8
Calculate the remainder when 3509 is divided by 3505.
4
Calculate the remainder when 28663 is divided by 479.
402
Calculate the remainder when 98465 is divided by 338.
107
What is the remainder when 2496 is divided by 20?
16
Calculate the remainder when 13056 is divided by 20.
16
What is the remainder when 185737 is divided by 613?
611
Calculate the remainder when 1237 is divided by 152.
21
Calculate the remainder when 33550 is divided by 26.
10
Calculate the remainder when 1520 is divided by 46.
2
Calculate the remainder when 13361 is divided by 1325.
111
Calculate the remainder when 5052 is divided by 188.
164
What is the remainder when 572 is divided by 115?
112
Calculate the remainder when 19684 is divided by 1936.
324
What is the remainder when 2600 is divided by 29?
19
Calculate the remainder when 1070564 is divided by 18.
14
Calculate the remainder when 18119 is divided by 162.
137
Calculate the remainder when 86209 is divided by 249.
55
Calculate the remainder when 1855 is divided by 88.
7
What is the remainder when 988177 is divided by 33?
25
Calculate the remainder when 51272 is divided by 51239.
33
Calculate the remainder when 42634 is divided by 968.
42
Calculate the remainder when 1792 is divided by 302.
282
Calculate the remainder when 22497 is divided by 22494.
3
Calculate the remainder when 2696 is divided by 385.
1
What is the remainder when 150826 is divided by 28?
18
Calculate the remainder when 3052 is divided by 52.
36
Calculate the remainder when 2967 is divided by 225.
42
What is the remainder when 22880 is divided by 532?
4
Calculate the remainder when 2775 is divided by 404.
351
Calculate the remainder when 161072 is divided by 610.
32
Calculate the remainder when 573 is divided by 545.
28
What is the remainder when 2476743 is divided by 95?
93
Calculate the remainder when 22393 is divided by 4477.
8
What is the remainder when 24075 is divided by 23562?
513
What is the remainder when 41412 is divided by 600?
12
Calculate the remainder when 129794 is divided by 88.
82
Calculate the remainder when 365749 is divided by 50.
49
What is the remainder when 499928 is divided by 45448?
0
What is the remainder when 19255 is divided by 4779?
139
What is the remainder when 31218 is divided by 67?
63
Calculate the remainder when 1771961 is divided by 1165.
1161
Calculate the remainder when 275603 is divided by 376.
371
What is the remainder when 9057 is divided by 59?
30
Calculate the remainder when 1165 is divided by 1047.
118
Calculate the remainder when 70302 is divided by 15.
12
What is the remainder when 31254 is divided by 19?
18
Calculate the remainder when 97530 is divided by 93.
66
What is the remainder when 28460 is divided by 395?
20
What is the remainder when 2947 is divided by 3?
1
Calculate the remainder when 30749 is divided by 15356.
37
What is the remainder when 10473 is divided by 1172?
1097
What is the remainder when 12045 is divided by 708?
9
Calculate the remainder when 3998 is divided by 164.
62
Calculate the remainder when 25739 is divided by 36.
35
Calculate the remainder when 7021 is divided by 67.
53
What is the remainder when 29657 is divided by 927?
920
Calculate the remainder when 96284 is divided by 735.
734
Calculate the remainder when 195363 is divided by 1002.
975
Calculate the remainder when 64480 is divided by 329.
325
Calculate the remainder when 57657 is divided by 836.
809
What is the remainder when 1530 is divided by 112?
74
Calculate the remainder when 94038 is divided by 1288.
14
Calculate the remainder when 74803 is divided by 317.
308
What is the remainder when 81817 is divided by 114?
79
What is the remainder when 1260 is divided by 369?
153
Calculate the remainder when 321024 is divided by 205.
199
Calculate the remainder when 5617 is divided by 1871.
4
Calculate the remainder when 15040 is divided by 31.
5
What is the remainder when 3268 is divided by 155?
13
Calculate the remainder when 33587 is divided by 347.
275
Calculate the remainder when 1420 is divided by 141.
10
What is the remainder when 69410 is divided by 138?
134
Calculate the remainder when 6587 is divided by 68.
59
Calculate the remainder when 190148 is divided by 556.
552
Calculate the remainder when 1494 is divided by 47.
37
Calculate the remainder when 246726 is divided by 281.
8
Calculate the remainder when 3272 is divided by 71.
6
Calculate the remainder when 29786 is divided by 35.
1
What is the remainder when 780009 is divided by 564?
561
Calculate the remainder when 14905 is divided by 339.
328
What is the remainder when 127143 is divided by 42378?
9
Calculate the remainder when 1413 is divided by 569.
275
What is the remainder when 164069 is divided by 138?
125
What is the remainder when 17539 is divided by 204?
199
What is the remainder when 13630 is divided by 1961?
1864
What is the remainder when 127448 is divided by 50?
48
Calculate the remainder when 321478 is divided by 26789.
10
Calculate the remainder when 226671 is divided by 8.
7
Calculate the remainder when 339137 is divided by 20.
17
Calculate the remainder when 1435 is divided by 138.
55
Calculate the remainder when 10178 is divided by 10164.
14
What is the remainder when 25003 is divided by 4995?
28
Calculate the remainder when 21580 is divided by 240.
220
What is the remainder when 3099 is divided by 748?
107
What is the remainder when 77109 is divided by 252?
249
What is the remainder when 96442 is divided by 83?
79
What is the remainder when 4287645 is divided by 118?
115
Calculate the remainder when 1518125 is divided by 13.
11
What is the remainder when 1340891 is divided by 626?
625
Calculate the remainder when 531322 is divided by 23.
22
What is the remainder when 4920 is divided by 1634?
18
Calculate the remainder when 25387 is divided by 93.
91
Calculate the remainder when 4861466 is divided by 694.
690
What is the remainder when 11295 is divided by 392?
319
Calculate the remainder when 47788 is divided by 426.
76
Calculate the remainder when 107955 is divided by 80.
35
What is the remainder when 13328 is divided by 4392?
152
Calculate the remainder when 6196 is divided by 238.
8
Calculate the remainder when 81848 is divided by 11689.
25
Calculate the remainder when 200869 is divided by 14.
11
What is the remainder when 30906 is divided by 55?
51
What is the remainder when 27211 is divided by 211?
203
What is the remainder when 12461 is divided by 82?
79
What is the remainder when 31141 is divided by 21?
19
Calculate the remainder when 62569 is divided by 10390.
229
Calculate the remainder when 142288 is divided by 279.
277
Calculate the remainder when 24949 is divided by 657.
640
Calculate the remainder when 1195 is divided by 475.
245
Calculate the remainder when 2463380 is divided by 168.
164
What is the remainder when 411 is divided by 45?
6
Calculate the remainder when 138371 is divided by 13.
12
What is the remainder when 2023 is divided by 288?
7
What is the remainder when 4802 is divided by 54?
50
What is the remainder when 16206 is divided by 61?
41
What is the remainder when 5869 is divided by 693?
325
Calculate the remainder when 11623 is divided by 194.
177
What is the remainder when 1614054 is divided by 122?
116
What is the remainder when 4109 is divided by 3686?
423
What is the remainder when 29693 is divided by 193?
164
What is the remainder when 9910 is divided by 354?
352
Calculate the remainder when 5509 is divided by 306.
1
Calculate the remainder when 7126 is divided by 41.
33
What is the remainder when 1500 is divided by 742?
16
Calculate the remainder when 41215 is divided by 33.
31
What is the remainder when 189750 is divided by 17?
13
Calculate the remainder when 1588 is divided by 153.
58
What is the remainder when 8374 is divided by 57?
52
Calculate the remainder when 257847 is divided by 586.
7
Calculate the remainder when 11554071 is divided by 1498.
1495
What is the remainder when 188177 is divided by 388?
385
Calculate the remainder when 84070 is divided by 9341.
1
Calculate the remainder when 45480 is divided by 1196.
32
What is the remainder when 78718 is divided by 283?
44
What is the remainder when 13008